et w be b(-5). Let r(k) = 3*k**3 - 15*k**2 + 7*k - 2. Let g be r(5). Let q = g - w. Calculate the highest common factor of q and 42.
14
Suppose -2*v = -4*o - 104, 5*v - 273 = -5*o + 2*o. What is the greatest common divisor of v and 18?
18
Let l = 14 - 14. Suppose l = -3*r + 2*r + 1. What is the highest common factor of 4 and r?
1
Suppose s - 80 = -4*s. What is the greatest common divisor of 176 and s?
16
Let a(g) = -g**2 - 11*g - 4. Let u be a(-8). Suppose 7 = 3*z - 23. What is the highest common factor of z and u?
10
Let d = 6 + 86. Calculate the highest common divisor of d and 4.
4
Let t(a) = a - 3. Let w be t(3). Suppose w = 4*j - 2*f + 70, f = 3*f + 2. Let q = 38 + j. Calculate the greatest common divisor of 4 and q.
4
Let b(s) = -s**3 + 7*s**2 - 8*s + 3. Let h be b(5). Suppose -286 = 2*g - 4*g. What is the highest common divisor of h and g?
13
Let o = 2 + -1. Suppose -d + 8 = 2*m, 0*m - m + 2*d = -9. Suppose j + j = -5*z + 36, -m*j = -z - 36. What is the highest common divisor of o and j?
1
Let i = 39 - 23. Suppose 5*y - 370 = 350. What is the greatest common factor of y and i?
16
Let a(h) = -h + 2. Let s be a(2). Suppose s = -4*z - 4, 2*d - 3 = d - 2*z. Suppose 5*u - d = 85. What is the greatest common factor of u and 18?
18
Let x = 53 + -50. What is the greatest common divisor of 9 and x?
3
Let i be (-176)/(-10) + (-6)/(-15). Suppose 0 = -5*o + 7*o - i. What is the greatest common divisor of o and 27?
9
Let b be ((-2)/(-12)*-1)/(5/(-30)). What is the greatest common divisor of 9 and b?
1
Suppose -o + 0*o + 5 = 0, -2*q = 5*o - 385. Calculate the greatest common divisor of 20 and q.
20
Let x = -44 - -24. Let y = x - -34. Suppose 0 = -3*n - 15 + 120. What is the highest common divisor of n and y?
7
Suppose -3*k + 207 = 3*z, 0 = -2*k + 2*z + 144 - 10. Calculate the greatest common divisor of 17 and k.
17
Let m(n) be the third derivative of -n**6/120 - n**5/60 + n**4/24 - n**3/6 + 4*n**2. Let q be m(-2). What is the greatest common divisor of q and 2?
1
Let h(f) = -4*f**3 - f**2 - f - 1. Let n be h(-1). Suppose -240 = -4*l + 3*c, n*l + 3*c + 9 = 210. Calculate the highest common divisor of 7 and l.
7
Suppose -3*l - 2*r = r - 3, -r = 3. Suppose -5*k + 11 = -3*z, -3*k + z = -0*z - 9. Calculate the highest common divisor of k and l.
4
Let z(r) = 3*r**2 + 2*r + 4. Let n be z(4). Let y be (-2)/6 + 1 + 516/36. What is the greatest common divisor of n and y?
15
Let y = 9 - 14. Let w be 48/5 - (-3)/y. Calculate the highest common factor of 9 and w.
9
Suppose 7 = 4*q + 2*c - 5*c, 3*q - 3*c = 3. Suppose -5*o + 13 = -7. What is the greatest common factor of q and o?
4
Suppose 6*z = -5 + 23. What is the highest common divisor of z and 9?
3
Let d(w) = -9*w - 5. Let p be (-5)/2 - 1/(-2). Let r be d(p). Let g be 131 + -1 + 1 + -1. What is the highest common divisor of r and g?
13
Let j = 55 - 39. Suppose 5*z + 653 = 208. Let h = j - z. What is the highest common divisor of 15 and h?
15
Let v be 2/11 + (-40)/(-22). What is the highest common divisor of v and 26?
2
Let p be 3/6*-1*-10. Suppose p*n - 106 = 4*b, 11 + 6 = n - 5*b. Calculate the greatest common factor of 242 and n.
22
Suppose -4*z - 4 = -8. Suppose 5*a - z = 349. What is the greatest common divisor of 14 and a?
14
Suppose 4*n - 7*n = -3*z + 870, -n = 2. Calculate the greatest common divisor of z and 32.
32
Let h(l) = -l - 3. Let y be h(-5). Let d be 14/y*1*2. Calculate the highest common divisor of d and 42.
14
Suppose -5*i + 103 + 612 = 0. Let j = i - 33. Let k = 35 + -25. What is the greatest common factor of j and k?
10
Let q(k) = k**3 - 15*k**2 - 16*k + 1. Let d be q(16). Let v be (-8)/6*-204*d. Calculate the greatest common divisor of 34 and v.
34
Suppose -4*j + 198 = 7*j. Calculate the greatest common factor of j and 63.
9
Let j be 4/8 + 1/2. Let v be 1 - 1/(j/(-1)). Suppose v*t + 3*t = 35. What is the highest common divisor of 14 and t?
7
Let m(x) = -2*x**2 + 2. Let d(g) = g**3 - 5*g**2 + g + 7. Let l(h) = -2*d(h) + 7*m(h). Let v be l(-2). What is the highest common factor of 16 and v?
4
Let i(w) = -10*w**2 - 4*w + 3. Let p be i(2). Let x = p - -81. Calculate the greatest common divisor of x and 4.
4
Suppose -2*i - 3*i - 3*h = -27, -4 = -4*i + 2*h. Let v be -1*(i - 3) - -2. Suppose -v*s = s - 18. Calculate the greatest common factor of s and 54.
6
Let u = 5 + 13. Let k = -29 - -74. What is the highest common divisor of u and k?
9
Suppose 3*n = -0*c + c + 14, 0 = 2*n - 3*c. What is the greatest common divisor of 66 and n?
6
Let r be 10/(-3 + 25/9). Let c be 10/r + (-2)/(-9). Suppose 2*b - 18 = -c*l - 4*l, 31 = 3*b + 4*l. What is the greatest common factor of 52 and b?
13
Let s = -12 - -33. Let u(y) = -y**2 + 10*y - 3. Let x be u(6). Calculate the highest common factor of x and s.
21
Let l = -7 + -5. Let o be (-3)/l - (-237)/12. Let v = 21 - 13. What is the highest common factor of v and o?
4
Let j = 11 + -9. Suppose j*h - 44 - 244 = -4*m, h - 2*m - 160 = 0. What is the greatest common divisor of h and 19?
19
Let s be (-14)/(-28) + 51/2. Calculate the greatest common factor of s and 13.
13
Suppose 2*h - 3*z = 8, h - 2*z = 2*z - 6. Suppose -18 = 2*i - 3*i + 5*t, 4*i = t + 53. Let b = -9 + i. What is the greatest common divisor of h and b?
2
Let i = 19 + -13. Let q be 24/5 + -5 + 16/5. Calculate the greatest common divisor of i and q.
3
Suppose -2*l + 1120 = 2*l. What is the highest common factor of l and 35?
35
Suppose 2*u + 28 = 6*u. What is the greatest common factor of u and 7?
7
Suppose 5*x + 11 = 26. Calculate the greatest common factor of 1 and x.
1
Suppose -4*p = 1 - 13, 19 = 4*h - 3*p. Calculate the highest common factor of 7 and h.
7
Suppose 96 = 8*a - 6*a. What is the greatest common divisor of 32 and a?
16
Let o be (-3)/(-6)*22 + -3. Calculate the highest common factor of o and 8.
8
Let j be (-2)/((-4)/210) - 0. Let o(h) = 3*h**2 - 7*h + 9. Let l be o(3). Calculate the greatest common divisor of j and l.
15
Suppose 9*p - 2*p - 105 = 0. Let l be -3 + 2 + 75 - -1. What is the greatest common divisor of l and p?
15
Let f(r) be the third derivative of -r**6/120 + 7*r**5/60 + r**4/6 - 2*r**3/3 - r**2. Let h be f(6). Calculate the highest common divisor of 8 and h.
8
Let b(s) = 3*s - 1. Let i be b(1). Suppose 0 = 5*w - 0*w + 25, -10 = -i*f - 2*w. Suppose 0 = 3*j - 273 - 57. Calculate the greatest common factor of j and f.
10
Let w = 77 - 45. Suppose 0 = 4*n - 4*c + 372, 4*n = 2*c - 385 + 3. Let g be n/(-6) - (-2)/(-6). What is the highest common divisor of w and g?
16
Suppose 5*l - 2*n - 46 = 15, -54 = -4*l - n. Calculate the highest common divisor of 13 and l.
13
Let f be (-6)/(-15) + 264/15. Let i(m) = -m**2 + 10*m - 4. Let b be i(10). Let d = b + 10. What is the highest common factor of d and f?
6
Suppose -4*u - 2*o = -166, -142 = -u - 2*u + 2*o. Suppose 31 + u = 3*q. Suppose -q = -l + 15. What is the highest common divisor of l and 5?
5
Let b = 20 - 14. Suppose -2*c = -3*u + 9, 4*c - u - b = 1. What is the greatest common divisor of 24 and c?
3
Let m = 18 - 11. Let z(d) be the third derivative of -d**5/60 - 3*d**4/8 - 7*d**3/6 - 2*d**2. Let h be z(-7). What is the greatest common divisor of h and m?
7
Suppose 485 = 3*w - 4*b + 171, -5*w - 2*b + 558 = 0. Calculate the greatest common factor of 22 and w.
22
Let c(l) = l**3 - 5*l**2 + l + 7. Let v be c(5). Let o be ((-1)/(-3))/(2/v). Let p be o/9 + 142/9. What is the highest common factor of 128 and p?
16
Let k be 0/(0/3 - 1). Let h = k - 0. Suppose 0 = -h*j - 4*j + 24. What is the highest common divisor of j and 30?
6
Let l = 4 - 2. Suppose 3*w - 52 = -l*r + 2, -5*r = -5*w + 115. Calculate the greatest common factor of 30 and w.
10
Suppose -3 = -2*c + 27. What is the highest common factor of c and 90?
15
Let r(n) = 7*n**2 - n - 3. Suppose 3*y + 0*y = -12. Let i be r(y). Suppose -4*m = -i - 31. What is the highest common factor of m and 24?
12
Let m be 68/5 - (16/10 - 2). What is the greatest common factor of m and 238?
14
Let p = 14 - 6. Let t = -10 - -18. What is the highest common factor of t and p?
8
Let b(y) = y**3 + 4*y**2 - 3*y - 8. Let o be b(4). Calculate the greatest common divisor of 12 and o.
12
Let v be (0 - -2 - 1/2)*54. Calculate the greatest common factor of v and 54.
27
Let d(m) = m**3 - 2*m. Let g be d(-2). Let s